**3 + 31*p**2 + 3*p - 89. Calculate d(0).
-89
Let v(w) = -1154*w + 474364. What is v(411)?
70
Let w(a) = -109*a**2 + 316*a - 195. Determine w(2).
1
Let q(k) = 166273*k + 1829019. Give q(-11).
16
Let o(a) = -4830*a - 72507. What is o(-15)?
-57
Let r(s) = 8276*s - 8731. Calculate r(1).
-455
Let l(a) = -a**2 - 3827*a - 701093. What is l(-193)?
269
Let j(b) = 3378*b - 1574268. Determine j(466).
-120
Let q(r) = -630*r**2 + 2504*r - 2. Determine q(4).
-66
Let o(m) = 112*m**2 - 20161*m + 342761. Give o(161).
-8
Let g(u) = 2*u**3 - 146*u**2 - 2031*u - 913. Determine g(85).
-148
Let m(s) = 451*s + 141502. What is m(-313)?
339
Let w(k) = 59*k**3 + 62*k**2 + 10*k - 18. Calculate w(3).
2163
Let y(k) = 3*k**3 + 611*k**2 + 288*k - 23930. What is y(-203)?
24
Let v(r) = 2*r**3 - 66*r**2 - 48*r - 431. Determine v(34).
249
Let m(g) = -1635*g + 46959. What is m(30)?
-2091
Let o(j) = 133608*j + 2939379. What is o(-22)?
3
Let q(n) = -n**3 - 19*n**2 + 36*n + 114. What is q(-7)?
-726
Let v(s) = 10*s**2 + 502006*s - 1004027. Determine v(2).
25
Let y(m) = -7052*m + 289151. What is y(41)?
19
Let p(x) = 2198*x + 1160542. Determine p(-528).
-2
Let m(i) = 7*i**2 + 549*i - 1646. Give m(-82).
404
Let g(k) = 3642*k + 14512. Determine g(-4).
-56
Let a(y) = y**2 - 13059*y - 21999186. What is a(-1510)?
4
Let r(z) = -4855*z - 47573. Calculate r(-10).
977
Let l(y) = 1718*y + 17166. Determine l(-10).
-14
Let r(i) = i**3 + 209*i**2 - 14200*i + 699. Calculate r(-263).
173
Let p(z) = 23*z**2 + 508*z - 86. Determine p(-24).
970
Let o(t) = 246*t**2 - 9335*t - 502. Determine o(38).
-8
Let l(k) = 12*k - 691. Determine l(41).
-199
Let c(y) = y**2 - 740*y - 124144. Determine c(-141).
77
Let x(p) = -p**3 + 83*p**2 + 720*p - 65750. Give x(82).
14
Let q(o) = -547*o - 8839. Calculate q(-16).
-87
Let j(f) = -3*f**3 + 894*f**2 + 25264*f - 212. Calculate j(-26).
-4
Let s(l) = 4*l**2 + 74*l - 486. Give s(5).
-16
Let u(m) = -2*m**3 + 211*m**2 + 4020*m + 531. Determine u(122).
-201
Let r(w) = -428*w - 13235. Determine r(-30).
-395
Let t(i) = i**3 - 469*i**2 + 1334*i + 29929. What is t(466)?
105
Let a(y) = -38*y**2 - 2165*y - 55. Determine a(-55).
4070
Let r(b) = 4910*b - 117874. Give r(24).
-34
Let b(i) = i**3 - 11*i**2 - 101*i + 1097. Calculate b(10).
-13
Let l(k) = -103*k**2 - 114*k - 122. Determine l(-1).
-111
Let t(f) = -16*f**2 - 1128*f - 453. Calculate t(-70).
107
Let q(z) = z**3 - 2*z**2 - 11216*z + 89342. Give q(8).
-2
Let i(q) = -2*q**3 + 12*q**2 - 433*q - 3143. Determine i(-7).
1162
Let j(c) = 3*c**3 + 15*c**2 - 17*c - 50. Give j(-8).
-490
Let d(w) = -15293*w + 841098. Determine d(55).
-17
Let q(o) = o**3 - 24*o**2 - 66*o + 60. Determine q(28).
1348
Let u(o) = o**3 - 481*o**2 + 18843*o - 3945. Determine u(438).
-3
Let r(f) = -f**3 + 12*f**2 + 176*f - 1557. Calculate r(10).
403
Let o(p) = -p**3 + 39*p**2 - 118*p + 8154. What is o(41)?
-46
Let w(n) = -37*n**2 - 19*n - 202. Give w(-5).
-1032
Let r(p) = -6312340*p + 37874040. Determine r(6).
0
Let i(c) = -3*c**3 + 261*c**2 - 1910*c + 715. Calculate i(79).
-391
Let a(m) = -m**2 + 231*m + 30852. Give a(-96).
-540
Let y(n) = -42*n**3 + 4285*n**2 - 124*n + 2232. Calculate y(102).
-12
Let g(j) = -86845*j - 1389513. What is g(-16)?
7
Let g(u) = -3381*u**2 - 1359170*u - 3222. What is g(-402)?
-6
Let t(i) = -10*i**3 - 22*i**2 + 25*i - 14. Determine t(1).
-21
Let g(p) = -15*p**3 + 17*p**2 + 59*p - 312. Determine g(6).
-2586
Let s(i) = -214066*i - 14556485. Calculate s(-68).
3
Let c(p) = -73*p**2 + 88*p + 338. Calculate c(-4).
-1182
Let z(m) = -558*m + 2175. Give z(4).
-57
Let t(n) = 91*n**2 + 65*n - 14. What is t(-2)?
220
Let m(h) = h**2 + 1158*h + 138100. Calculate m(-135).
-5
Let k(b) = b**3 + 43*b**2 + 500*b - 157. Give k(-22).
-993
Let o(d) = d**3 + 7*d**2 - 10098*d - 1024. What is o(-104)?
16
Let z(n) = -28*n**2 - 1370*n + 8193. Give z(6).
-1035
Let a(h) = -2*h**3 + 66*h**2 + 162*h + 48. Determine a(-2).
4
Let t(r) = -3*r**2 + 4643*r - 430239. What is t(99)?
15
Let u(q) = q**2 - 230*q + 6427. Calculate u(33).
-74
Let a(n) = n**3 + 13*n**2 - 74*n - 4. Determine a(-19).
-764
Let d(l) = 2*l**2 - 458*l + 2461. Calculate d(229).
2461
Let r(o) = 56*o**2 + 19856*o + 50706. What is r(-352)?
18
Let w(u) = 119019*u - 119028. Give w(1).
-9
Let j(q) = 109*q**2 - 1586*q - 3. Give j(14).
-843
Let n(z) = 8*z**2 - 823*z + 5337. Calculate n(96).
57
Let v(d) = -d**3 + 25*d**2 + 1452*d - 38723. Calculate v(29).
21
Let i(q) = 23*q**2 + 1705*q + 13515. Give i(-9).
33
Let i(j) = -322*j + 2377. What is i(8)?
-199
Let s(m) = -17652*m - 1606335. Determine s(-91).
-3
Let u(s) = -15267*s + 687019. What is u(45)?
4
Let v(a) = -129*a + 5164. What is v(42)?
-254
Let v(o) = -641*o - 37254. Give v(-59).
565
Let n(c) = c**3 - 255*c**2 - 4320*c + 281. Calculate n(-16).
25
Let v(h) = -h**3 - 6*h**2 + 211*h - 1172. Determine v(6).
-338
Let p(d) = 2*d**3 + 44*d**2 + 113627*d + 2614479. Determine p(-23).
0
Let u(m) = -10*m**2 - 317*m - 820. Calculate u(-28).
216
Let b(c) = c**3 + 56*c**2 + 92*c - 130. What is b(-54)?
734
Let d(l) = 3814838*l - 19074187. Give d(5).
3
Let k(v) = v**3 - 85*v**2 + 131*v + 2861. What is k(83)?
-44
Let d(i) = 160*i - 395. What is d(10)?
1205
Let x(b) = -3598*b + 3410668. Calculate x(948).
-236
Let d(u) = 737*u + 5821. What is d(-9)?
-812
Let m(l) = 41*l - 4551. What is m(120)?
369
Let d(i) = 3*i**2 - 186*i - 1005. Give d(-5).
0
Let r(j) = 2*j**2 + 429*j - 22555. Determine r(-258).
-109
Let r(t) = -2464*t - 500185. Calculate r(-203).
7
Let w(r) = -4*r**3 - 23*r**2 - 1114*r - 5512. Calculate w(-5).
-17
Let u(d) = 2*d**2 + 15474*d - 1440495. What is u(92)?
41
Let l(f) = -11617*f - 1196547. Determine l(-103).
4
Let r(s) = 1168*s**2 + 220757*s + 959. What is r(-189)?
14
Let d(v) = v**3 + 669*v**2 + 25661*v - 54633. What is d(-628)?
3
Let a(y) = 133210*y - 3063833. Determine a(23).
-3
Let p(j) = -j**2 - 65*j - 1024. Determine p(-34).
30
Let x(u) = -936996*u + 3747980. What is x(4)?
-4
Let r(w) = 167*w + 35534. Determine r(-212).
130
Let w(t) = -34*t**3 + 253*t**2 + 38*t + 3. What is w(5)?
2268
Let f(z) = -12*z**2 - 420*z - 3008. Calculate f(-25).
-8
Let p(o) = -o**3 - 74*o**2 + 18*o + 813. What is p(-74)?
-519
Let q(u) = -u**3 + 3*u**2 - 534*u - 5020. Give q(-9).
758
Let l(d) = 2*d**2 - 487*d - 13638. What is l(269)?
81
Let m(x) = -x**2 - 61*x + 2940. Give m(25).
790
Let i(y) = 9*y**2 - 1029*y - 674. Determine i(115).
16
Let v(x) = -6262*x + 175375. What is v(28)?
39
Let o(g) = g**3 - 24*g**2 + 51*g + 25. What is o(22)?
179
Let w(y) = -y**3 - 202*y**2 - 1181*y - 987. What is w(-196)?
-7
Let k(o) = 71*o - 2766. Determine k(49).
713
Let n(m) = -4*m**3 - 21*m**2 + 43*m + 422. Determine n(-7).
464
Let l(f) = -120928*f - 604695. Give l(-5).
-55
Let n(h) = 33680*h + 2391285. Give n(-71).
5
Let h(k) = k**3 - 7*k**2 + 31593*k - 221118. Determine h(7).
33
Let d(u) = 2107565*u + 35828606. Determine d(-17).
1
Let c(j) = 3*j**2 + 1633*j + 53949. Calculate c(-509).
-5
Let g(j) = -3*j**2 - 5458*j - 316680. Calculate g(-60).
0
Let b(y) = y**2 - 6924*y + 179311. Calculate b(26).
-37
Let i(v) = -v**3 - 135*v**2 + 166*v + 9232. Calculate i(-136).
5152
Let q(p) = p**3 - 231*p**2 + 3843*p - 1877. What is q(213)?
40
Let v(o) = -8*o**2 - 2053*o - 28101. Give v(-14).
-927
Let f(v) = -416606*v - 17080848. Calculate f(-41).
-2
Let b(i) = -50*i**2 + 969*i + 51. What is b(18)?
1293
Let y(x) = 3782*x + 4042. What is y(-1)?
260
Let o(p) = -8*p**3 + 77*p**2 + 353*p - 12. Calculate o(13).
14
Let d(t) = 607*t + 7305. Determine d(-12).
21
Let h(y) = -y**3 + 94*y**2 + 172*y + 255. Calculate h(96).
-1665
Let s(k) = -k**3 - 61*k**2 + 1824*k + 60. Give s(22).
16
Let v(p) = 4*p**2 - 5068*p + 94892. Give v(19).
44
Let k(b) = -183*b**2 - 736*b - 16. Calculate k(-4).
0
Let z(v) = 66*v**2 - 862*v + 1411. Calculate z(11).
-85
Let s(q) = q**3 + 20*q**2 + 20*q - 675. Determine s(-14).
221
Let v(q) = 3*q**3 - 510*q**2 + 91*q - 15471. What is v(170)?
-1
Let a(f) = 586*f**2 + 177*f + 274. Calculate a(-2).
2264
Let x(g) = g**2 - 575*g + 6873. Calculate x(12).
117
Let l(h) = h**3 + 120*h**2 - 141*h - 3250. Give l(-121).
-830
Let s(l) = -11*l + 1508. What is s(137)?
1
Let o(q) = 995*q + 17404. Determine o(-21).
-3491
Let b(s) = 146*s + 39493. Determine b(-279).
-1241
Let n(j) = -2*j**3 + 312*j**2 + 306*j - 6